{"id":1363,"date":"2014-11-26T16:15:45","date_gmt":"2014-11-26T15:15:45","guid":{"rendered":"http:\/\/www.ondequadre.polito.it\/wp\/?page_id=1363"},"modified":"2015-03-04T18:10:10","modified_gmt":"2015-03-04T17:10:10","slug":"contesto-urbano","status":"publish","type":"page","link":"https:\/\/castellodelvalentino.polito.it\/?page_id=1363","title":{"rendered":"Contesto urbano"},"content":{"rendered":"<p style=\"text-align: left;\">La Citt\u00e0 di Torino, capoluogo della Regione Piemonte, con 915.000 abitanti e una <a href=\".\/wp-content\/uploads\/2014\/11\/mp_contestourbano_01.jpg\"><img loading=\"lazy\" decoding=\"async\" src=\".\/wp-content\/uploads\/2014\/11\/mp_contestourbano_01.jpg\" alt=\"mp_contestourbano_01\" width=\"640\" height=\"508\" class=\"alignright size-full wp-image-1368\" srcset=\"https:\/\/castellodelvalentino.polito.it\/wp-content\/uploads\/2014\/11\/mp_contestourbano_01.jpg 640w, https:\/\/castellodelvalentino.polito.it\/wp-content\/uploads\/2014\/11\/mp_contestourbano_01-300x238.jpg 300w\" sizes=\"auto, (max-width: 640px) 100vw, 640px\" \/><\/a> superficie di 13.017 ha, si colloca in un contesto metropolitano pi\u00f9 ampio, comprendente 23 comuni confinanti, appartenenti alla cosiddetta prima cintura (circa 550.000 abitanti) e 29 comuni della seconda cintura (circa 250.000 abitanti).<br \/>\nAll\u2019area metropolitana torinese non corrisponde al momento un livello di governo territoriale istituzionale; in base alle recenti modifiche legislative la nascente Citt\u00e0 metropolitana di Torino comprender\u00e0, oltre ai comuni sopra indicati l\u2019intero territorio dell\u2019attuale provincia di Torino.<br \/>\nAlla fine degli Anni \u201880 l\u2019amministrazione comunale di Torino si \u00e8 proposta di pianificare il passaggio da una condizione di forte connotazione produttiva della citt\u00e0 a un processo di rigenerazione complessiva della potenzialit\u00e0 urbana, avviando la predisposizione del nuovo Piano Regolatore della citt\u00e0, approvato nel 1995.<br \/>\nIl nuovo Piano Regolatore Generale (PRG) si articola su occasioni specifiche, quali la dismissione di vasti comparti industriali, il potenziamento e il riassetto del sistema ferroviario e su scelte di base, quali il contenimento dell\u2019ulteriore espansione urbana, la riconfigurazione dell\u2019assetto urbano, la valorizzazione delle risorse ambientali.<\/p>\n<p style=\"text-align: left;\">Tre assialit\u00e0 Nord-Sud strutturano le scelte di trasformazione del piano:<\/p>\n<p><a href=\"https:\/\/castellodelvalentino.polito.it\/wp-content\/uploads\/2015\/03\/pg_assepo-02_contestourbano_02.1.jpg\"><img loading=\"lazy\" decoding=\"async\" src=\"https:\/\/castellodelvalentino.polito.it\/wp-content\/uploads\/2015\/03\/pg_assepo-02_contestourbano_02.1.jpg\" alt=\"pg_assepo-02_contestourbano_02.1\" width=\"640\" height=\"804\" class=\"alignright size-full wp-image-2697\" srcset=\"https:\/\/castellodelvalentino.polito.it\/wp-content\/uploads\/2015\/03\/pg_assepo-02_contestourbano_02.1.jpg 640w, https:\/\/castellodelvalentino.polito.it\/wp-content\/uploads\/2015\/03\/pg_assepo-02_contestourbano_02.1-239x300.jpg 239w\" sizes=\"auto, (max-width: 640px) 100vw, 640px\" \/><\/a><\/p>\n<p>&#8211; l\u2019area di <strong>Corso Marche<\/strong>, asse di transito in \u201ccintura\u201d a livello metropolitano;<br \/>\n&#8211; l\u2019area della <strong>Spina Centrale<\/strong>, boulevard attrezzato, si sviluppa sugli spazi liberati dagli interventi di interramento e copertura del tracciato ferroviario e si sostituisce ad ampi comparti urbani da riqualificare, stabilendo nuove centralit\u00e0 e nuove connessioni anche attraverso il potenziamento strutturale del trasporto pubblico tra citt\u00e0 ed ambiti intercomunali;<br \/>\n&#8211; l\u2019area del <strong>Fiume Po<\/strong>, dedicata al \u201cloisir\u201d ed alla valorizzazione della componente ambientale.<br \/>\nIn questo contesto, e pi\u00f9 esattamente sull\u2019area del Fiume Po, tra l\u2019asse di corso Massimo d\u2019Azeglio (di penetrazione Nord-Sud), e l\u2019asse di corso Vittorio Emanuele II (area di collegamento Est-Ovest) trover\u00e0 collocazione la nuova Biblioteca Civica Centrale, all\u2019interno di un significativo complesso architettonico dove trovano spazio altre importanti attivit\u00e0 culturali, nelle vicinanze della Stazione di Porta Nuova e della linea 1 della Metropolitana.<\/p>\n<p style=\"text-align: left;\"><a href=\".\/wp-content\/uploads\/2014\/11\/mp_contestourbano_02.2.jpg\"><img loading=\"lazy\" decoding=\"async\" class=\"alignnone wp-image-1374\" src=\".\/wp-content\/uploads\/2014\/11\/mp_contestourbano_02.2.jpg\" alt=\"mp_contestourbano_02.2\" width=\"400\" height=\"83\" srcset=\"https:\/\/castellodelvalentino.polito.it\/wp-content\/uploads\/2014\/11\/mp_contestourbano_02.2.jpg 640w, https:\/\/castellodelvalentino.polito.it\/wp-content\/uploads\/2014\/11\/mp_contestourbano_02.2-300x62.jpg 300w\" sizes=\"auto, (max-width: 400px) 100vw, 400px\" \/><\/a><\/p>\n","protected":false},"excerpt":{"rendered":"<p>La Citt\u00e0 di Torino, capoluogo della Regione Piemonte, con 915.000 abitanti e una superficie di 13.017 ha, si colloca in un contesto metropolitano pi\u00f9 ampio, comprendente 23 comuni confinanti, appartenenti [&hellip;]<\/p>\n","protected":false},"author":4,"featured_media":2692,"parent":45,"menu_order":2,"comment_status":"closed","ping_status":"closed","template":"page_fullwidth.php","meta":{"footnotes":""},"class_list":["post-1363","page","type-page","status-publish","has-post-thumbnail","hentry"],"_links":{"self":[{"href":"https:\/\/castellodelvalentino.polito.it\/index.php?rest_route=\/wp\/v2\/pages\/1363","targetHints":{"allow":["GET"]}}],"collection":[{"href":"https:\/\/castellodelvalentino.polito.it\/index.php?rest_route=\/wp\/v2\/pages"}],"about":[{"href":"https:\/\/castellodelvalentino.polito.it\/index.php?rest_route=\/wp\/v2\/types\/page"}],"author":[{"embeddable":true,"href":"https:\/\/castellodelvalentino.polito.it\/index.php?rest_route=\/wp\/v2\/users\/4"}],"replies":[{"embeddable":true,"href":"https:\/\/castellodelvalentino.polito.it\/index.php?rest_route=%2Fwp%2Fv2%2Fcomments&post=1363"}],"version-history":[{"count":30,"href":"https:\/\/castellodelvalentino.polito.it\/index.php?rest_route=\/wp\/v2\/pages\/1363\/revisions"}],"predecessor-version":[{"id":2698,"href":"https:\/\/castellodelvalentino.polito.it\/index.php?rest_route=\/wp\/v2\/pages\/1363\/revisions\/2698"}],"up":[{"embeddable":true,"href":"https:\/\/castellodelvalentino.polito.it\/index.php?rest_route=\/wp\/v2\/pages\/45"}],"wp:featuredmedia":[{"embeddable":true,"href":"https:\/\/castellodelvalentino.polito.it\/index.php?rest_route=\/wp\/v2\/media\/2692"}],"wp:attachment":[{"href":"https:\/\/castellodelvalentino.polito.it\/index.php?rest_route=%2Fwp%2Fv2%2Fmedia&parent=1363"}],"curies":[{"name":"wp","href":"https:\/\/api.w.org\/{rel}","templated":true}]}}