{"id":1628,"date":"2015-06-05T11:44:50","date_gmt":"2015-01-13T17:52:26","guid":{"rendered":"http:\/\/www.ondequadre.polito.it\/wp\/?page_id=1628"},"modified":"2017-03-08T10:15:46","modified_gmt":"2017-03-08T09:15:46","slug":"visita-virtuale-mod","status":"publish","type":"page","link":"https:\/\/castellodelvalentino.polito.it\/?page_id=1628","title":{"rendered":"Visita virtuale"},"content":{"rendered":"<p><iframe loading=\"lazy\" style=\"border: 0;\" src=\"https:\/\/www.google.com\/maps\/embed?pb=!1m0!3m2!1sit!2sit!4v1468233367400!6m8!1m7!1s8U24uqJQzsiYT4W466EA3w!2m2!1d45.0539953667544!2d7.686877025356211!3f115.0702430179119!4f-5.108496298659986!5f0.7820865974627469\" width=\"1080\" height=\"600\" frameborder=\"0\" allowfullscreen=\"allowfullscreen\"><\/iframe><\/p>\n<p>La visita virtuale del Castello del Valentino permette ai visitatori di percorrere le sale attraverso immagini a 360 gradi realizzate dal servizio Street View di Google Maps.<\/p>\n<p>Attraversando virtualmente le sale del Castello, muovendosi all\u2019interno degli ambienti e avvicinandosi con lo zoom ai diversi elementi, si scorrono le immagini degli spazi, degli stucchi e degli affreschi che narrano le vicende della corte sabauda.<\/p>\n<p>I pulsanti per la navigazione consentono:<br \/>\n&#8211; di visualizzare una pianta del Piano Terra o del Piano Nobile dalla quale selezionare direttamente la sala da visitare;<br \/>\n&#8211; di decidere il percorso di visita utilizzando le frecce posizionate all\u2019interno degli ambienti oppure cliccando due volte su un punto nell&#8217;immagine per raggiungerlo pi\u00f9 rapidamente;<br \/>\n&#8211; di visualizzare il dettaglio di alcuni punti di maggior interesse selezionando i quali ci si avvicina al particolare scelto.<\/p>\n<p>La possibilit\u00e0 di esplorare virtualmente gli interni del Castello del Valentino attraverso la funzione Street View \u00e8 data da uno speciale &#8220;trolley&#8221; che \u00e8 stato impiegato per riprendere a 360 gradi gli interni del Castello consentendo una facile navigazione di tutto il percorso di visita.<\/p>\n","protected":false},"excerpt":{"rendered":"<p>La visita virtuale del Castello del Valentino permette ai visitatori di percorrere le sale attraverso immagini a 360 gradi realizzate dal servizio Street View di Google Maps. Attraversando virtualmente le [&hellip;]<\/p>\n","protected":false},"author":4,"featured_media":0,"parent":924,"menu_order":4,"comment_status":"closed","ping_status":"open","template":"page_fullwidth.php","meta":{"footnotes":""},"class_list":["post-1628","page","type-page","status-publish","hentry"],"_links":{"self":[{"href":"https:\/\/castellodelvalentino.polito.it\/index.php?rest_route=\/wp\/v2\/pages\/1628","targetHints":{"allow":["GET"]}}],"collection":[{"href":"https:\/\/castellodelvalentino.polito.it\/index.php?rest_route=\/wp\/v2\/pages"}],"about":[{"href":"https:\/\/castellodelvalentino.polito.it\/index.php?rest_route=\/wp\/v2\/types\/page"}],"author":[{"embeddable":true,"href":"https:\/\/castellodelvalentino.polito.it\/index.php?rest_route=\/wp\/v2\/users\/4"}],"replies":[{"embeddable":true,"href":"https:\/\/castellodelvalentino.polito.it\/index.php?rest_route=%2Fwp%2Fv2%2Fcomments&post=1628"}],"version-history":[{"count":11,"href":"https:\/\/castellodelvalentino.polito.it\/index.php?rest_route=\/wp\/v2\/pages\/1628\/revisions"}],"predecessor-version":[{"id":4862,"href":"https:\/\/castellodelvalentino.polito.it\/index.php?rest_route=\/wp\/v2\/pages\/1628\/revisions\/4862"}],"up":[{"embeddable":true,"href":"https:\/\/castellodelvalentino.polito.it\/index.php?rest_route=\/wp\/v2\/pages\/924"}],"wp:attachment":[{"href":"https:\/\/castellodelvalentino.polito.it\/index.php?rest_route=%2Fwp%2Fv2%2Fmedia&parent=1628"}],"curies":[{"name":"wp","href":"https:\/\/api.w.org\/{rel}","templated":true}]}}