{"id":2055,"date":"2015-01-26T10:55:36","date_gmt":"2015-01-26T09:55:36","guid":{"rendered":"http:\/\/www.ondequadre.polito.it\/wp\/?page_id=2055"},"modified":"2015-02-25T10:48:56","modified_gmt":"2015-02-25T09:48:56","slug":"archivio-musso-clemente-1886-1974","status":"publish","type":"page","link":"https:\/\/castellodelvalentino.polito.it\/?page_id=2055","title":{"rendered":"Archivio Musso Clemente. 1886-1974"},"content":{"rendered":"<p>L&#8217;archivio familiare Musso Clemente documenta in pi\u00f9 fondi, con 13.000 disegni, 1792 positivi fotografici, 384 negativi su lastra e 58 fascicoli l\u2019attivit\u00e0 di tre generazioni di professionisti, uniti da legami di parentela, dediti per oltre un secolo alla decorazione e all\u2019architettura: il pittore Placido Mossello (1835-1894), lo scultore Carlo Bartolomeo Musso (1863-1935), l&#8217;architetto Giovanni Clemente (1884-1973) e l&#8217;ingegner Paolo Musso (1887-1981). Accanto a questi si trova testimonianza anche dell\u2019attivit\u00e0 degli impresari edili e trattatisti Giuseppe Musso e Giuseppe Copperi, del geometra Domenico Tealdi e di diversi membri della famiglia Barelli, decoratori provenienti dalla Valle Intelvi. Le committenze per le quali hanno progettato e realizzato apparati decorativi per interni ed esterni, arredi, tombe ed edifici spaziano dalla Casa Reale alla nobilt\u00e0, all\u2019alta borghesia politica e industriale. Di grande interesse la documentazione sui rapporti intercorsi con importanti architetti e ingegneri attivi tra Otto e Novecento: Carlo Ceppi, Pietro Fenoglio, Giovanni Chevalley, Annibale Rigotti, Giuseppe Velati Bellini, Giacomo Salvadori di Wiesenhoff, Michele Frapolli, Pietro Betta, Adolfo Dalbesio.<\/p>\n<div data-carousel-extra='{\"blog_id\":1,\"permalink\":\"https:\\\/\\\/castellodelvalentino.polito.it\\\/?page_id=2055\"}' class=\"tiled-gallery type-rectangular\" data-original-width=\"1140\"><div class=\"gallery-row\" style=\"width: 1135px; height: 196px;\"><div class=\"gallery-group images-1\" style=\"width: 420px; height: 200px;\"><div class=\"tiled-gallery-item tiled-gallery-item-large\"><a href=\"https:\/\/castellodelvalentino.polito.it\/?attachment_id=2157\"><img loading=\"lazy\" decoding=\"async\" data-attachment-id=\"2157\" data-orig-file=\"https:\/\/castellodelvalentino.polito.it\/wp-content\/uploads\/2015\/01\/pg_LSBC_Musso_06.2.jpg\" data-orig-size=\"927,437\" data-comments-opened=\"0\" data-image-meta=\"{&quot;aperture&quot;:&quot;0&quot;,&quot;credit&quot;:&quot;&quot;,&quot;camera&quot;:&quot;&quot;,&quot;caption&quot;:&quot;&quot;,&quot;created_timestamp&quot;:&quot;0&quot;,&quot;copyright&quot;:&quot;&quot;,&quot;focal_length&quot;:&quot;0&quot;,&quot;iso&quot;:&quot;0&quot;,&quot;shutter_speed&quot;:&quot;0&quot;,&quot;title&quot;:&quot;&quot;,&quot;orientation&quot;:&quot;0&quot;}\" data-image-title=\"Torino, Carlev\u00e9 1947. I Ruderi e La Ric\u00f4strussi\u00f3n, piazza Carlo Alberto. Paolo Musso, 1946.\" data-image-description=\"\" data-medium-file=\"https:\/\/castellodelvalentino.polito.it\/wp-content\/uploads\/2015\/01\/pg_LSBC_Musso_06.2-300x141.jpg\" data-large-file=\"https:\/\/castellodelvalentino.polito.it\/wp-content\/uploads\/2015\/01\/pg_LSBC_Musso_06.2.jpg\" src=\"https:\/\/castellodelvalentino.polito.it\/wp-content\/uploads\/2015\/01\/pg_LSBC_Musso_06.2-416x196.jpg\" width=\"416\" height=\"196\" align=\"left\" title=\"Torino, Carlev\u00e9 1947. I Ruderi e La Ric\u00f4strussi\u00f3n, piazza Carlo Alberto. Paolo Musso, 1946.\" \/><\/a><div class=\"tiled-gallery-caption\">Copia eliografica colorata a tempera, su carta.<\/div><\/div><\/div><div class=\"gallery-group images-1\" style=\"width: 585px; height: 200px;\"><div class=\"tiled-gallery-item tiled-gallery-item-large\"><a href=\"https:\/\/castellodelvalentino.polito.it\/?attachment_id=2156\"><img loading=\"lazy\" decoding=\"async\" data-attachment-id=\"2156\" data-orig-file=\"https:\/\/castellodelvalentino.polito.it\/wp-content\/uploads\/2015\/01\/pg_LSBC_Musso_06.1.jpg\" data-orig-size=\"913,308\" data-comments-opened=\"0\" data-image-meta=\"{&quot;aperture&quot;:&quot;0&quot;,&quot;credit&quot;:&quot;&quot;,&quot;camera&quot;:&quot;&quot;,&quot;caption&quot;:&quot;&quot;,&quot;created_timestamp&quot;:&quot;0&quot;,&quot;copyright&quot;:&quot;&quot;,&quot;focal_length&quot;:&quot;0&quot;,&quot;iso&quot;:&quot;0&quot;,&quot;shutter_speed&quot;:&quot;0&quot;,&quot;title&quot;:&quot;&quot;,&quot;orientation&quot;:&quot;0&quot;}\" data-image-title=\"Torino, Carlev\u00e9 1947. I Ruderi e La Ric\u00f4strussi\u00f3n, piazza Carlo Alberto. Paolo Musso, 1946.\" data-image-description=\"\" data-medium-file=\"https:\/\/castellodelvalentino.polito.it\/wp-content\/uploads\/2015\/01\/pg_LSBC_Musso_06.1-300x101.jpg\" data-large-file=\"https:\/\/castellodelvalentino.polito.it\/wp-content\/uploads\/2015\/01\/pg_LSBC_Musso_06.1.jpg\" src=\"https:\/\/castellodelvalentino.polito.it\/wp-content\/uploads\/2015\/01\/pg_LSBC_Musso_06.1-581x196.jpg\" width=\"581\" height=\"196\" align=\"left\" title=\"Torino, Carlev\u00e9 1947. I Ruderi e La Ric\u00f4strussi\u00f3n, piazza Carlo Alberto. Paolo Musso, 1946.\" \/><\/a><div class=\"tiled-gallery-caption\">Copia eliografica colorata a tempera, su carta.<\/div><\/div><\/div><div class=\"gallery-group images-1\" style=\"width: 130px; height: 200px;\"><div class=\"tiled-gallery-item tiled-gallery-item-small\"><a href=\"https:\/\/castellodelvalentino.polito.it\/?attachment_id=2155\"><img loading=\"lazy\" decoding=\"async\" data-attachment-id=\"2155\" data-orig-file=\"https:\/\/castellodelvalentino.polito.it\/wp-content\/uploads\/2015\/01\/pg_LSBC_Musso_05.jpg\" data-orig-size=\"520,807\" data-comments-opened=\"0\" data-image-meta=\"{&quot;aperture&quot;:&quot;0&quot;,&quot;credit&quot;:&quot;&quot;,&quot;camera&quot;:&quot;&quot;,&quot;caption&quot;:&quot;&quot;,&quot;created_timestamp&quot;:&quot;0&quot;,&quot;copyright&quot;:&quot;&quot;,&quot;focal_length&quot;:&quot;0&quot;,&quot;iso&quot;:&quot;0&quot;,&quot;shutter_speed&quot;:&quot;0&quot;,&quot;title&quot;:&quot;&quot;,&quot;orientation&quot;:&quot;0&quot;}\" data-image-title=\"Boves (Cuneo), progetto di decorazione della cupola del santuario Regina Pacis in Fontanelle. Giovanni Clemente, 1934.\" data-image-description=\"\" data-medium-file=\"https:\/\/castellodelvalentino.polito.it\/wp-content\/uploads\/2015\/01\/pg_LSBC_Musso_05-193x300.jpg\" data-large-file=\"https:\/\/castellodelvalentino.polito.it\/wp-content\/uploads\/2015\/01\/pg_LSBC_Musso_05.jpg\" src=\"https:\/\/castellodelvalentino.polito.it\/wp-content\/uploads\/2015\/01\/pg_LSBC_Musso_05-126x196.jpg\" width=\"126\" height=\"196\" align=\"left\" title=\"Boves (Cuneo), progetto di decorazione della cupola del santuario Regina Pacis in Fontanelle. Giovanni Clemente, 1934.\" \/><\/a><div class=\"tiled-gallery-caption\">Matita, su carta da lucido.<\/div><\/div><\/div><\/div><div class=\"gallery-row\" style=\"width: 1135px; height: 714px;\"><div class=\"gallery-group images-2\" style=\"width: 561px; height: 718px;\"><div class=\"tiled-gallery-item tiled-gallery-item-large\"><a href=\"https:\/\/castellodelvalentino.polito.it\/?attachment_id=2154\"><img loading=\"lazy\" decoding=\"async\" data-attachment-id=\"2154\" data-orig-file=\"https:\/\/castellodelvalentino.polito.it\/wp-content\/uploads\/2015\/01\/pg_LSBC_Musso_04.jpg\" data-orig-size=\"850,438\" data-comments-opened=\"0\" data-image-meta=\"{&quot;aperture&quot;:&quot;0&quot;,&quot;credit&quot;:&quot;&quot;,&quot;camera&quot;:&quot;&quot;,&quot;caption&quot;:&quot;&quot;,&quot;created_timestamp&quot;:&quot;0&quot;,&quot;copyright&quot;:&quot;&quot;,&quot;focal_length&quot;:&quot;0&quot;,&quot;iso&quot;:&quot;0&quot;,&quot;shutter_speed&quot;:&quot;0&quot;,&quot;title&quot;:&quot;&quot;,&quot;orientation&quot;:&quot;0&quot;}\" data-image-title=\"Pianezza (Torino), villa Leumann, Progetto di decorazione della scala e del vestibolo. Carlo Musso in collaborazione con Pietro Fenoglio, 1912.\" data-image-description=\"\" data-medium-file=\"https:\/\/castellodelvalentino.polito.it\/wp-content\/uploads\/2015\/01\/pg_LSBC_Musso_04-300x155.jpg\" data-large-file=\"https:\/\/castellodelvalentino.polito.it\/wp-content\/uploads\/2015\/01\/pg_LSBC_Musso_04.jpg\" src=\"https:\/\/castellodelvalentino.polito.it\/wp-content\/uploads\/2015\/01\/pg_LSBC_Musso_04-557x287.jpg\" width=\"557\" height=\"287\" align=\"left\" title=\"Pianezza (Torino), villa Leumann, Progetto di decorazione della scala e del vestibolo. Carlo Musso in collaborazione con Pietro Fenoglio, 1912.\" \/><\/a><div class=\"tiled-gallery-caption\">Inchiostro, inchiostro colorato acquerellato e matita, su carta.<\/div><\/div><div class=\"tiled-gallery-item tiled-gallery-item-large\"><a href=\"https:\/\/castellodelvalentino.polito.it\/?attachment_id=2153\"><img loading=\"lazy\" decoding=\"async\" data-attachment-id=\"2153\" data-orig-file=\"https:\/\/castellodelvalentino.polito.it\/wp-content\/uploads\/2015\/01\/pg_LSBC_Musso_03.jpg\" data-orig-size=\"709,538\" data-comments-opened=\"0\" data-image-meta=\"{&quot;aperture&quot;:&quot;0&quot;,&quot;credit&quot;:&quot;&quot;,&quot;camera&quot;:&quot;&quot;,&quot;caption&quot;:&quot;&quot;,&quot;created_timestamp&quot;:&quot;0&quot;,&quot;copyright&quot;:&quot;&quot;,&quot;focal_length&quot;:&quot;0&quot;,&quot;iso&quot;:&quot;0&quot;,&quot;shutter_speed&quot;:&quot;0&quot;,&quot;title&quot;:&quot;&quot;,&quot;orientation&quot;:&quot;0&quot;}\" data-image-title=\"Secondo e Carlo Musso con Francesco Papotti fotografati davanti al leone monumentale esposto alla I Esposizione Italiana di Architettura, Torino, 1890.\" data-image-description=\"\" data-medium-file=\"https:\/\/castellodelvalentino.polito.it\/wp-content\/uploads\/2015\/01\/pg_LSBC_Musso_03-300x228.jpg\" data-large-file=\"https:\/\/castellodelvalentino.polito.it\/wp-content\/uploads\/2015\/01\/pg_LSBC_Musso_03.jpg\" src=\"https:\/\/castellodelvalentino.polito.it\/wp-content\/uploads\/2015\/01\/pg_LSBC_Musso_03-557x423.jpg\" width=\"557\" height=\"423\" align=\"left\" title=\"Secondo e Carlo Musso con Francesco Papotti fotografati davanti al leone monumentale esposto alla I Esposizione Italiana di Architettura, Torino, 1890.\" \/><\/a><div class=\"tiled-gallery-caption\">Positivo monocromo all&#8217;albumina, montato su cartone.<\/div><\/div><\/div><div class=\"gallery-group images-1\" style=\"width: 574px; height: 718px;\"><div class=\"tiled-gallery-item tiled-gallery-item-large\"><a href=\"https:\/\/castellodelvalentino.polito.it\/?attachment_id=2152\"><img loading=\"lazy\" decoding=\"async\" data-attachment-id=\"2152\" data-orig-file=\"https:\/\/castellodelvalentino.polito.it\/wp-content\/uploads\/2015\/01\/pg_LSBC_Musso_02.jpg\" data-orig-size=\"539,675\" data-comments-opened=\"0\" data-image-meta=\"{&quot;aperture&quot;:&quot;0&quot;,&quot;credit&quot;:&quot;&quot;,&quot;camera&quot;:&quot;&quot;,&quot;caption&quot;:&quot;&quot;,&quot;created_timestamp&quot;:&quot;0&quot;,&quot;copyright&quot;:&quot;&quot;,&quot;focal_length&quot;:&quot;0&quot;,&quot;iso&quot;:&quot;0&quot;,&quot;shutter_speed&quot;:&quot;0&quot;,&quot;title&quot;:&quot;&quot;,&quot;orientation&quot;:&quot;0&quot;}\" data-image-title=\"Serralunga d\u2019Alba (Cuneo), tenuta reale di Fontanafredda, progetto di decorazione per un ambiente al terzo piano dello chalet reale. Placido Mossello, 1877.\" data-image-description=\"\" data-medium-file=\"https:\/\/castellodelvalentino.polito.it\/wp-content\/uploads\/2015\/01\/pg_LSBC_Musso_02-240x300.jpg\" data-large-file=\"https:\/\/castellodelvalentino.polito.it\/wp-content\/uploads\/2015\/01\/pg_LSBC_Musso_02.jpg\" src=\"https:\/\/castellodelvalentino.polito.it\/wp-content\/uploads\/2015\/01\/pg_LSBC_Musso_02.jpg\" width=\"570\" height=\"714\" align=\"left\" title=\"Serralunga d\u2019Alba (Cuneo), tenuta reale di Fontanafredda, progetto di decorazione per un ambiente al terzo piano dello chalet reale. Placido Mossello, 1877.\" \/><\/a><div class=\"tiled-gallery-caption\">Inchiostro, inchiostro colorato acquerellato e matita, su carta.<\/div><\/div><\/div><\/div><div class=\"gallery-row\" style=\"width: 1135px; height: 844px;\"><div class=\"gallery-group images-1\" style=\"width: 1135px; height: 848px;\"><div class=\"tiled-gallery-item tiled-gallery-item-large\"><a href=\"https:\/\/castellodelvalentino.polito.it\/?attachment_id=2151\"><img loading=\"lazy\" decoding=\"async\" data-attachment-id=\"2151\" data-orig-file=\"https:\/\/castellodelvalentino.polito.it\/wp-content\/uploads\/2015\/01\/pg_LSBC_Musso_01.jpg\" data-orig-size=\"709,529\" data-comments-opened=\"0\" data-image-meta=\"{&quot;aperture&quot;:&quot;0&quot;,&quot;credit&quot;:&quot;&quot;,&quot;camera&quot;:&quot;&quot;,&quot;caption&quot;:&quot;&quot;,&quot;created_timestamp&quot;:&quot;0&quot;,&quot;copyright&quot;:&quot;&quot;,&quot;focal_length&quot;:&quot;0&quot;,&quot;iso&quot;:&quot;0&quot;,&quot;shutter_speed&quot;:&quot;0&quot;,&quot;title&quot;:&quot;&quot;,&quot;orientation&quot;:&quot;0&quot;}\" data-image-title=\"Gruppo di decoratori con il pittore Placido Mossello, [1886 circa]. Al centro vestito di scuro Placido Mossello appoggia una mano sulla spalla di Secondo Musso, a sinistra Carlo Musso e Francesco Papotti, con in braccio un bambino.\" data-image-description=\"\" data-medium-file=\"https:\/\/castellodelvalentino.polito.it\/wp-content\/uploads\/2015\/01\/pg_LSBC_Musso_01-300x224.jpg\" data-large-file=\"https:\/\/castellodelvalentino.polito.it\/wp-content\/uploads\/2015\/01\/pg_LSBC_Musso_01.jpg\" src=\"https:\/\/castellodelvalentino.polito.it\/wp-content\/uploads\/2015\/01\/pg_LSBC_Musso_01.jpg\" width=\"1131\" height=\"844\" align=\"left\" title=\"Gruppo di decoratori con il pittore Placido Mossello, [1886 circa]. Al centro vestito di scuro Placido Mossello appoggia una mano sulla spalla di Secondo Musso, a sinistra Carlo Musso e Francesco Papotti, con in braccio un bambino.\" \/><\/a><div class=\"tiled-gallery-caption\">Positivo monocromo all&#8217;albumina, montato su cartone.<\/div><\/div><\/div><\/div><\/div>\n","protected":false},"excerpt":{"rendered":"<p>L&#8217;archivio familiare Musso Clemente documenta in pi\u00f9 fondi, con 13.000 disegni, 1792 positivi fotografici, 384 negativi su lastra e 58 fascicoli l\u2019attivit\u00e0 di tre generazioni di professionisti, uniti da legami [&hellip;]<\/p>\n","protected":false},"author":4,"featured_media":0,"parent":1978,"menu_order":9,"comment_status":"closed","ping_status":"closed","template":"page_fullwidth.php","meta":{"footnotes":""},"class_list":["post-2055","page","type-page","status-publish","hentry"],"_links":{"self":[{"href":"https:\/\/castellodelvalentino.polito.it\/index.php?rest_route=\/wp\/v2\/pages\/2055","targetHints":{"allow":["GET"]}}],"collection":[{"href":"https:\/\/castellodelvalentino.polito.it\/index.php?rest_route=\/wp\/v2\/pages"}],"about":[{"href":"https:\/\/castellodelvalentino.polito.it\/index.php?rest_route=\/wp\/v2\/types\/page"}],"author":[{"embeddable":true,"href":"https:\/\/castellodelvalentino.polito.it\/index.php?rest_route=\/wp\/v2\/users\/4"}],"replies":[{"embeddable":true,"href":"https:\/\/castellodelvalentino.polito.it\/index.php?rest_route=%2Fwp%2Fv2%2Fcomments&post=2055"}],"version-history":[{"count":4,"href":"https:\/\/castellodelvalentino.polito.it\/index.php?rest_route=\/wp\/v2\/pages\/2055\/revisions"}],"predecessor-version":[{"id":2160,"href":"https:\/\/castellodelvalentino.polito.it\/index.php?rest_route=\/wp\/v2\/pages\/2055\/revisions\/2160"}],"up":[{"embeddable":true,"href":"https:\/\/castellodelvalentino.polito.it\/index.php?rest_route=\/wp\/v2\/pages\/1978"}],"wp:attachment":[{"href":"https:\/\/castellodelvalentino.polito.it\/index.php?rest_route=%2Fwp%2Fv2%2Fmedia&parent=2055"}],"curies":[{"name":"wp","href":"https:\/\/api.w.org\/{rel}","templated":true}]}}